 6074?
0
What is the units digit of 147160?
0
What is the units digit of 66339?
9
What is the units digit of 1911?
1
What is the units digit of 4626?
6
What is the thousands digit of 1779?
1
What is the units digit of 35316?
6
What is the units digit of 62951?
1
What is the thousands digit of 37842?
7
What is the tens digit of 536?
3
What is the tens digit of 551?
5
What is the tens digit of 5013?
1
What is the tens digit of 26682?
8
What is the hundreds digit of 2041?
0
What is the hundreds digit of 3832?
8
What is the units digit of 133631?
1
What is the hundreds digit of 1055?
0
What is the units digit of 7159?
9
What is the ten thousands digit of 63361?
6
What is the ten thousands digit of 91108?
9
What is the units digit of 57361?
1
What is the units digit of 468?
8
What is the units digit of 37837?
7
What is the hundred thousands digit of 115570?
1
What is the tens digit of 5797?
9
What is the units digit of 1141?
1
What is the hundreds digit of 3420?
4
What is the ten thousands digit of 13208?
1
What is the tens digit of 169?
6
What is the units digit of 43611?
1
What is the hundreds digit of 4718?
7
What is the units digit of 1963?
3
What is the tens digit of 35250?
5
What is the thousands digit of 5000?
5
What is the thousands digit of 7947?
7
What is the units digit of 32233?
3
What is the tens digit of 797?
9
What is the units digit of 2402?
2
What is the units digit of 109896?
6
What is the hundreds digit of 97079?
0
What is the hundreds digit of 17414?
4
What is the hundreds digit of 107105?
1
What is the hundreds digit of 10571?
5
What is the hundreds digit of 391?
3
What is the units digit of 31239?
9
What is the units digit of 3288?
8
What is the units digit of 9553?
3
What is the thousands digit of 19938?
9
What is the tens digit of 5826?
2
What is the hundreds digit of 435?
4
What is the tens digit of 4799?
9
What is the units digit of 1346?
6
What is the units digit of 185?
5
What is the thousands digit of 4721?
4
What is the thousands digit of 6900?
6
What is the hundreds digit of 1671?
6
What is the thousands digit of 33638?
3
What is the thousands digit of 70509?
0
What is the hundreds digit of 869?
8
What is the units digit of 522?
2
What is the tens digit of 1314?
1
What is the hundreds digit of 86731?
7
What is the tens digit of 5030?
3
What is the thousands digit of 13884?
3
What is the hundreds digit of 2538?
5
What is the units digit of 65896?
6
What is the hundreds digit of 1119?
1
What is the tens digit of 4814?
1
What is the thousands digit of 34955?
4
What is the units digit of 533?
3
What is the hundreds digit of 826?
8
What is the units digit of 271?
1
What is the hundreds digit of 868?
8
What is the thousands digit of 3723?
3
What is the tens digit of 6091?
9
What is the units digit of 39841?
1
What is the tens digit of 1109?
0
What is the ten thousands digit of 93596?
9
What is the thousands digit of 6194?
6
What is the ten thousands digit of 42730?
4
What is the hundreds digit of 7867?
8
What is the units digit of 8092?
2
What is the units digit of 594?
4
What is the thousands digit of 25058?
5
What is the hundreds digit of 2611?
6
What is the hundred thousands digit of 164772?
1
What is the hundreds digit of 2625?
6
What is the hundreds digit of 4804?
8
What is the tens digit of 2264?
6
What is the hundreds digit of 2679?
6
What is the tens digit of 2359?
5
What is the tens digit of 4211?
1
What is the hundreds digit of 2038?
0
What is the tens digit of 91108?
0
What is the units digit of 826?
6
What is the units digit of 763?
3
What is the tens digit of 88629?
2
What is the ten thousands digit of 56977?
5
What is the ten thousands digit of 29045?
2
What is the units digit of 1125?
5
What is the thousands digit of 7431?
7
What is the units digit of 1107?
7
What is the hundreds digit of 5162?
1
What is the units digit of 604?
4
What is the units digit of 6172?
2
What is the tens digit of 6914?
1
What is the tens digit of 37575?
7
What is the tens digit of 21889?
8
What is the units digit of 3887?
7
What is the units digit of 131124?
4
What is the tens digit of 13288?
8
What is the hundreds digit of 8700?
7
What is the tens digit of 51486?
8
What is the thousands digit of 1235?
1
What is the ten thousands digit of 12291?
1
What is the hundreds digit of 259?
2
What is the hundreds digit of 6285?
2
What is the hundreds digit of 1427?
4
What is the units digit of 18048?
8
What is the hundreds digit of 26820?
8
What is the units digit of 28619?
9
What is the units digit of 2178?
8
What is the tens digit of 1930?
3
What is the hundreds digit of 2660?
6
What is the hundreds digit of 458?
4
What is the thousands digit of 17467?
7
What is the hundreds digit of 800?
8
What is the units digit of 3562?
2
What is the thousands digit of 2700?
2
What is the units digit of 1888?
8
What is the hundreds digit of 6130?
1
What is the tens digit of 10400?
0
What is the units digit of 534?
4
What is the tens digit of 781?
8
What is the thousands digit of 4424?
4
What is the hundreds digit of 1731?
7
What is the hundreds digit of 68851?
8
What is the hundreds digit of 18390?
3
What is the units digit of 69?
9
What is the hundreds digit of 443?
4
What is the ten thousands digit of 34774?
3
What is the units digit of 20433?
3
What is the tens digit of 632?
3
What is the hundreds digit of 73629?
6
What is the hundreds digit of 4499?
4
What is the tens digit of 296?
9
What is the tens digit of 6239?
3
What is the ten thousands digit of 44230?
4
What is the units digit of 1860?
0
What is the thousands digit of 2198?
2
What is the tens digit of 7328?
2
What is the units digit of 15539?
9
What is the hundreds digit of 48627?
6
What is the tens digit of 3439?
3
What is the ten thousands digit of 14598?
1
What is the hundreds digit of 4621?
6
What is the units digit of 8099?
9
What is the units digit of 7886?
6
What is the thousands digit of 1508?
1
What is the ten thousands digit of 68906?
6
What is the units digit of 654?
4
What is the tens digit of 22982?
8
What is the units digit of 663?
3
What is the units digit of 22204?
4
What is the ten thousands digit of 10453?
1
What is the units digit of 1528?
8
What is the hundreds digit of 62517?
5
What is the thousands digit of 9119?
9
What is the units digit of 504?
4
What is the ten thousands digit of 10084?
1
What is the hundreds digit of 1595?
5
What is the hundreds digit of 8118?
1
What is the tens digit of 1137?
3
What is the tens digit of 20367?
6
What is the units digit of 2207?
7
What is the units digit of 1806?
6
What is the tens digit of 114819?
1
What is the tens digit of 3056?
5
What is the tens digit of 16615?
1
What is the tens digit of 71825?
2
What is the units digit of 1296?
6
What is the hundreds digit of 19462?
4
What is the hundreds digit of 2533?
5
What is the tens digit of 18296?
9
What is the units digit of 765?
5
What is the tens digit of 28558?
5
What is the units digit of 5086?
6
What is the hundreds digit of 1850?
8
What is the units digit of 484?
4
What is the units digit of 98101?
1
What is the tens digit of 647?
4
What is the units digit of 35549?
9
What is the units digit of 621?
1
What is the tens digit of 5486?
8
What is the units digit of 8390?
0
What is the tens digit of 66?
6
What is the thousands digit of 3155?
3
What is the units digit of 960?
0
What is the thousands digit of 1816?
1
What is the units digit of 1388?
8
What is the ten thousands digit of 92524?
9
What is the thousands digit of 5407?
5
What is the hundreds digit of 1459?
4
What is the hundreds digit of 214?
2
What is the thousands digit of 66983?
6
What is the thousands digit of 15716?
5
What is the units digit of 8139?
9
What is the hundreds digit of 213?
2
What is the tens digit of 8400?
0
What is the units digit of 26555?
5
What is the hundreds digit of 623?
6
What is the hundreds digit of 24691?
6
What is the tens digit of 10029?
2
What is the units digit of 168526?
6
What is the hundreds digit of 4931?
9
What is the tens digit of 7400?
0
What is the tens digit of 890?
9
What is the units digit of 1895?
5
What is the hundreds digit of 342?
3
What is the thousands digit of 1602?
1
What is the thousands digit of 39959?
9
What is the thousands digit of 17477?
7
What is the thousands 